 divided by 230?
227
What is the remainder when 5129580 is divided by 51?
0
Calculate the remainder when 348560746 is divided by 801.
790
What is the remainder when 91579 is divided by 262?
141
Calculate the remainder when 635611 is divided by 10.
1
Calculate the remainder when 4313668 is divided by 6924.
16
Calculate the remainder when 231852 is divided by 1126.
1022
What is the remainder when 8746271 is divided by 2723?
2718
Calculate the remainder when 20665675 is divided by 3444277.
13
Calculate the remainder when 1874063 is divided by 99.
92
What is the remainder when 399651 is divided by 1107?
24
Calculate the remainder when 139285345 is divided by 4.
1
What is the remainder when 21380 is divided by 20681?
699
What is the remainder when 25548598 is divided by 265?
213
What is the remainder when 326075 is divided by 100?
75
What is the remainder when 388403 is divided by 9917?
1640
What is the remainder when 310778 is divided by 11875?
2028
Calculate the remainder when 1267372 is divided by 1327.
87
Calculate the remainder when 223542 is divided by 72564.
5850
What is the remainder when 8432778 is divided by 2225?
28
What is the remainder when 1368994 is divided by 588?
130
What is the remainder when 1110065 is divided by 10801?
8363
Calculate the remainder when 1669387 is divided by 128410.
57
What is the remainder when 26293508 is divided by 262935?
8
What is the remainder when 164444 is divided by 1743?
602
Calculate the remainder when 10201 is divided by 129.
10
What is the remainder when 39017950 is divided by 650299?
10
Calculate the remainder when 3149791 is divided by 505.
106
Calculate the remainder when 67147505 is divided by 17.
4
What is the remainder when 5111701 is divided by 899?
886
Calculate the remainder when 1111941 is divided by 555966.
9
Calculate the remainder when 22611163 is divided by 205556.
3
What is the remainder when 1198613 is divided by 38?
17
What is the remainder when 31893 is divided by 3503?
366
What is the remainder when 246596 is divided by 10680?
956
What is the remainder when 1964874 is divided by 231?
219
Calculate the remainder when 957241 is divided by 993.
982
What is the remainder when 133700 is divided by 21573?
4262
Calculate the remainder when 1901 is divided by 73.
3
What is the remainder when 529086 is divided by 132259?
50
What is the remainder when 73929 is divided by 72664?
1265
What is the remainder when 358056 is divided by 2912?
2792
Calculate the remainder when 33311 is divided by 3293.
381
What is the remainder when 116701 is divided by 2930?
2431
Calculate the remainder when 113220 is divided by 381.
63
Calculate the remainder when 3394557 is divided by 21.
12
What is the remainder when 46552 is divided by 549?
436
Calculate the remainder when 813309 is divided by 406522.
265
What is the remainder when 209804 is divided by 208839?
965
Calculate the remainder when 43665 is divided by 40878.
2787
Calculate the remainder when 48180782 is divided by 382387.
20
Calculate the remainder when 11700346 is divided by 2.
0
Calculate the remainder when 2241696 is divided by 552.
24
What is the remainder when 3725472 is divided by 1862733?
6
What is the remainder when 2822367 is divided by 6244?
79
What is the remainder when 66461 is divided by 1510?
21
What is the remainder when 788014 is divided by 157544?
294
Calculate the remainder when 2038848 is divided by 331.
219
What is the remainder when 172646 is divided by 9086?
12
What is the remainder when 7485117 is divided by 125?
117
What is the remainder when 9695240 is divided by 63?
44
What is the remainder when 30662601 is divided by 607?
603
Calculate the remainder when 8300603 is divided by 507.
506
Calculate the remainder when 27993933 is divided by 67.
60
What is the remainder when 450634 is divided by 4011?
1402
Calculate the remainder when 3289711 is divided by 973.
971
What is the remainder when 8430543 is divided by 769?
765
Calculate the remainder when 81964050 is divided by 971.
969
Calculate the remainder when 10175 is divided by 154.
11
What is the remainder when 1112383 is divided by 1879?
15
Calculate the remainder when 8384035 is divided by 349334.
19
What is the remainder when 830033 is divided by 205?
193
Calculate the remainder when 39227 is divided by 3922.
7
Calculate the remainder when 544977 is divided by 11353.
33
Calculate the remainder when 434797887 is divided by 1288.
1287
What is the remainder when 2439604 is divided by 271066?
10
What is the remainder when 60509987 is divided by 7?
6
What is the remainder when 42778 is divided by 741?
541
What is the remainder when 6967259 is divided by 549?
449
Calculate the remainder when 2109009 is divided by 1162.
1141
Calculate the remainder when 19555320 is divided by 43.
38
What is the remainder when 10657075 is divided by 666067?
3
Calculate the remainder when 160487 is divided by 12.
11
What is the remainder when 1088480 is divided by 217684?
60
Calculate the remainder when 123172 is divided by 8194.
262
Calculate the remainder when 85959 is divided by 19.
3
What is the remainder when 10296381 is divided by 1974?
1971
Calculate the remainder when 9759123 is divided by 203315.
3
Calculate the remainder when 62686045 is divided by 789.
784
What is the remainder when 9378 is divided by 2476?
1950
What is the remainder when 132948 is divided by 7086?
5400
What is the remainder when 1785585 is divided by 3345?
2700
Calculate the remainder when 139211386 is divided by 8081.
8080
Calculate the remainder when 8120 is divided by 7739.
381
Calculate the remainder when 10160 is divided by 4409.
1342
Calculate the remainder when 103092 is divided by 16021.
6966
Calculate the remainder when 2722738 is divided by 11.
7
Calculate the remainder when 16508 is divided by 15840.
668
What is the remainder when 2743324 is divided by 7475?
7474
Calculate the remainder when 390532 is divided by 2503.
64
What is the remainder when 333114 is divided by 332763?
351
What is the remainder when 1220349 is divided by 16717?
8
Calculate the remainder when 649288 is divided by 266.
248
What is the remainder when 10752118 is divided by 818?
326
Calculate the remainder when 294489 is divided by 3713.
1162
Calculate the remainder when 3143 is divided by 1089.
965
What is the remainder when 11499 is divided by 1423?
115
What is the remainder when 75453423 is divided by 25151113?
84
Calculate the remainder when 3024170 is divided by 2070.
1970
Calculate the remainder when 2004142 is divided by 500941.
378
Calculate the remainder when 56167 is divided by 185.
112
Calculate the remainder when 123529970 is divided by 8067.
8066
Calculate the remainder when 248088 is divided by 12999.
1107
What is the remainder when 292089 is divided by 59?
39
Calculate the remainder when 640344 is divided by 1423.
1417
What is the remainder when 6582367 is divided by 822788?
63
Calculate the remainder when 5187165 is divided by 1453.
1408
What is the remainder when 139781 is divided by 13977?
11
What is the remainder when 178771 is divided by 44530?
651
Calculate the remainder when 58165 is divided by 1240.
1125
What is the remainder when 16463302 is divided by 984?
982
What is the remainder when 7433328 is divided by 4926?
4920
Calculate the remainder when 144830 is divided by 1766.
18
Calculate the remainder when 13410073 is divided by 445.
443
What is the remainder when 39976879 is divided by 477?
463
Calculate the remainder when 841843555 is divided by 113.
109
Calculate the remainder when 5278932 is divided by 74.
68
What is the remainder when 46874553 is divided by 923?
921
What is the remainder when 103626 is divided by 4505?
11
What is the remainder when 351360 is divided by 705?
270
What is the remainder when 44727507 is divided by 29?
24
Calculate the remainder when 48363 is divided by 3208.
243
Calculate the remainder when 20325790 is divided by 1100.
1090
Calculate the remainder when 4689935 is divided by 4689878.
57
What is the remainder when 212624031 is divided by 294?
291
Calculate the remainder when 1578562 is divided by 526182.
16
Calculate the remainder when 46333 is divided by 6615.
28
What is the remainder when 821690 is divided by 6626?
66
What is the remainder when 25175 is divided by 4114?
491
Cal